+ 12. Let t(r) = 3*r**3 + 15*r**2 - 16*r + 6. Let o(l) = 2*s(l) - 5*t(l). What is o(-18)?
-6
Let h(d) = 2*d - 7. Let a(w) = -w**3 + 11*w**2 - 10*w - 30. Let j be a(9). Suppose -8*q = -2*q - j. Determine h(q).
7
Suppose -4*w + 6*g - 2*g + 4 = 0, 5*w - g = 17. Suppose 11 = w*f - 1. Let l(m) = -5*m - 6*m + 3*m - f - m**2 - 1. Determine l(-5).
11
Let i(t) = -4*t**3 + 3*t**2 + 3 + 0*t**3 - 2*t**3 + t**3. Let l(o) = -o**3 + o + 1. Let z(a) = -i(a) + 6*l(a). Let m = -9 + 5. Give z(m).
-5
Let a = -9 - -15. Let c be (-8)/a - (-4)/12. Let u be (7/(-21))/(c/3). Let o(s) = 10*s**2 - 1. What is o(u)?
9
Let k(w) = 29*w + 1. Suppose -2*u + 4*u = 3*l - 3, 4*u = -l + 1. Calculate k(l).
30
Let d = 41 + -37. Suppose -8*v = -4*v + d. Let b(q) = 7*q**3 + q**2 + q. Give b(v).
-7
Let q(x) = -7*x + 31 + 34*x**2 - 29*x**2 - 37 + x**3. Let p = 15 + -11. Suppose 4*d = -4*w - 44, -p*d - 45 = d + 3*w. Give q(d).
0
Suppose -4*b - 5*z = 8 - 33, 3*z - 13 = -2*b. Suppose j + 8 = 5*j. Let h(o) = 0*o - 8*o + o**3 + 5 - 4*o**j + o. Give h(b).
-5
Suppose -s + 4 = -2*n - 3*s, -n - 2 = -5*s. Let i(r) = 3*r - 1. What is i(n)?
-7
Let t be (-4 - 2)*(-20)/(-30). Let z be ((-2)/t)/(295/(-60) + 5). Let d(m) = -m**3 + 6*m**2 + 5. Determine d(z).
5
Suppose -5*b - o + 26 = 5, -4*o - 8 = -3*b. Suppose -f - n - n = 2, 0 = -b*f - 5*n - 14. Let r(v) = 32 - 2*v - 83 + 45. Determine r(f).
6
Let s(z) = -6*z**3. Suppose -14*t + 16*t - 10 = 0. Suppose -t*a = -o + 122, 0 = -3*a + 2*o - 5*o - 66. Let r = 25 + a. What is s(r)?
-6
Suppose 10*q - 12*q = 3*n + 5, 5*q + 2 = -4*n. Let f be (-144)/(-18)*(-1 + q). Let a(j) = j**3 - 9*j**2 + 8*j + 6. Give a(f).
6
Let b(y) = 14*y**3 - 3*y**2 - 3*y + 22. Let u(a) = -5*a**3 + a**2 + a - 7. Let l(o) = -6*b(o) - 17*u(o). What is l(0)?
-13
Let v = -90 + 94. Let g(q) = -4*q + v*q + 4*q + 6*q. What is g(-1)?
-10
Let p be 1/3 - (-17)/3. Let l(h) = 5*h**3 + 12*h**2 - h + 11. Let i(g) = 13*g**3 - 4*g**2 + 5*g**2 - 12*g**3 + 1. Let m(z) = -6*i(z) + l(z). Calculate m(p).
-1
Let r be 64/80 + (-1 - 62/(-10)). Let y(z) = -z**3 + 8*z**2 - 8*z - 2. Give y(r).
22
Let o(t) = 3*t**3 + 26*t**2 - 5*t + 30. Let x be o(-9). Let a(z) = z - 1. Let y(i) = i**2 + 3*i - 3. Let n(g) = -2*a(g) - y(g). Give n(x).
-1
Suppose v = -3*s - 0 + 10, 0 = -3*v + s. Let f(a) = -3*a**3 - a. Determine f(v).
-4
Let i = -65 + 61. Let f(c) = 3*c - 18. Let n(o) = o - 2. Let q(t) = i*n(t) + f(t). Calculate q(-5).
-5
Let a(j) = 6*j + 5. Let v = -193 - -191. Calculate a(v).
-7
Suppose -5*p + 117*n - 119*n + 12 = 0, 2*p + n - 4 = 0. Let v(y) = -y + 4. Give v(p).
0
Let o(g) be the first derivative of g**3/3 - 4*g - 6. Let v be o(7). Let j be v/30 - (-11)/(-2). Let k(f) = f**2 + 4*f + 1. Calculate k(j).
1
Let d(v) = -7*v**2 - 3*v - 7. Let x(c) = -12*c**2 - 4*c - 13. Let l(z) = -5*d(z) + 3*x(z). Give l(4).
-8
Let f(y) = -y**2 + 14*y + 19. Let d be f(15). Let l(g) = g**2 - g. Let r(x) = -5*x**2 + 5*x + 1. Let o(c) = -4*l(c) - r(c). Determine o(d).
11
Let d be 20/(-5) - 16/(-2). Let b(z) = -6*z - d - 6 + z**2 - 8 + 17. Determine b(6).
-1
Let y(k) = -k**3 - k + 3. Let w be y(0). Let z(h) = -h + 1 - 4*h + w*h + 0*h. Let q be 2*((-18)/(-4))/3. Give z(q).
-5
Let p(s) = -3*s**2 + 4*s + 6. Let w(c) = 8*c**2 - 11*c - 17. Let j(q) = 11*p(q) + 4*w(q). Let d = 10 - 10. Suppose d*z + 3*z = 12. Determine j(z).
-18
Let x(f) = f**3 - 7*f**2 + 5*f - 4. Let q be 120/21 - (-1 + (-15)/(-21)). Calculate x(q).
-10
Let g(s) be the second derivative of 23*s**3/6 + s**2/2 - 4*s + 3. Determine g(1).
24
Let p(f) = 4*f**2 - f + 25*f**3 - 8*f**3 - 2 - 16*f**3. Let q be p(-4). Let s(a) = 3*a + q - 6 + 4*a - 6*a. Give s(5).
1
Let d be (6*(-1)/(-2))/(24/16). Let l(o) = -5*o**2 - o - 2. Give l(d).
-24
Let m(s) = s**2 + 3*s. Suppose -g + 23 + 5 = 0. Let a(w) = -w**2 + 28*w - 5. Let n be a(g). What is m(n)?
10
Let k(r) = -r**2 + 5*r - 4. Let i be (-2)/4 + 280/80. Determine k(i).
2
Let a(d) = d**2 - 4*d - 2. Suppose 3*k + 3 = -3*h, 4*k + 3*h - 7*h = 12. Let v(p) = 1. Let c(x) = k*a(x) + 2*v(x). Determine c(3).
-3
Suppose 0 = 8*r + 88 - 272. Suppose 19*u + 24 = r*u. Let v(o) = -3*o - 19. Let w(f) = f + 9. Let q(g) = 2*v(g) + 5*w(g). What is q(u)?
1
Let k be ((-4)/6 - 1)*3. Let u(g) be the first derivative of -g**3/3 - g**2 + 2*g + 1916. Give u(k).
-13
Let x(f) = f**2 + 6*f - 12. Let h be x(-10). Let r = 32 - h. Let d(n) = n**3 - 4*n**2 - n + 4. Give d(r).
0
Let o(a) = 2*a + 8. Let k = -46 + 78. Suppose 2*z = -k - 32. Let l be z/6 + (-2)/3. What is o(l)?
-4
Let o(b) be the second derivative of -b**3/3 - 7*b**2/2 + 25*b. Calculate o(8).
-23
Suppose -5*g + 55 = -0*g. Let s be 387/g + 4/(-22). Let d be (2 - 1)/((-7)/s). Let y(p) = -p**3 - 4*p**2 + 5*p + 4. Calculate y(d).
4
Let l(r) = -r**2 + 3*r + 7. Let o(q) = -q**3 + q**2 + 3*q - 2. Let t be o(2). Suppose 2*b + b + 21 = t. Let x be 14 + b - (1 + 1). Give l(x).
-3
Let p = -85 - -87. Suppose 2*v + 5*f = 3, 8*f - 7*f = p*v + 3. Let y(l) = -l**3 + 2*l**2 + l. Give y(v).
2
Let g(d) be the third derivative of d**4/6 + 5*d**3/6 + 33*d**2. Give g(-2).
-3
Let u(y) = 22 + 16 + 2 + 4 + y - 26. Determine u(0).
18
Let i(p) = 2*p**2 - 5*p - 6. Suppose -305*v = -308*v + 12. Calculate i(v).
6
Let d(i) = -2*i**2 - 9*i - 20. Let v(j) = j**2 - j - 1. Let p(s) = d(s) + v(s). Let l be p(-6). Let u(w) = -w + 1. Determine u(l).
-2
Let k(q) = -3*q**3 + 3. Let a(i) = 2*i**3 - 1. Let b(z) = 5*a(z) + 3*k(z). Suppose 0 = 5*l + 2*t - 48, l - 2*t + 4 = t. Suppose -12*m + l*m = 0. Determine b(m).
4
Let s(j) = j**2 - 21*j + 32. Let o be s(19). Let c(l) = 3*l + 16. Give c(o).
-2
Let y(j) = -5*j + 40 + 40*j - 13*j - 11*j - 8*j. Calculate y(-16).
-8
Let i(f) = f**2 - 8*f + 1 - 6*f + 6*f. Calculate i(8).
1
Let w(f) be the second derivative of -f**6/240 - f**5/120 + f**4/12 - 5*f. Let n(u) be the third derivative of w(u). Give n(1).
-4
Suppose 5*n + 9 = -4*c, n = -2*c - 4*n - 17. Let z(x) be the third derivative of 0*x + 0 - 5*x**2 + 0*x**3 - 1/12*x**4. What is z(c)?
-8
Let a(u) = 6*u**2 + 4. Let t(o) = -3*o**2 + 3*o - 2. Let v be t(1). Let h(m) = m**2 + 1. Let b(l) = v*a(l) + 10*h(l). What is b(2)?
-6
Let g(p) = p**3 - p**2 - p + 5. Let b be g(0). Suppose -3*x = 2 - b. Let c(k) be the third derivative of -k**4/24 + k**3/3 - k**2 - 7. Give c(x).
1
Let b be 87/27 + 2/(-9). Let f(c) = -2 + 2*c - 337*c**2 + 4 + 336*c**2 - 4 + 5. Give f(b).
0
Let y(w) be the first derivative of -14*w**3/3 - 3*w**2/2 - 354. What is y(-1)?
-11
Let h(z) = -z - 7. Let d = -90 + 85. Calculate h(d).
-2
Suppose 7*b = 229 - 208. Let u(g) = -2*g**3 - 6*g**2 + 5*g - 4. Let a(z) = 3*z**3 + 7*z**2 - 5*z + 4. Let l(v) = -3*a(v) - 4*u(v). What is l(b)?
-11
Let q(n) = -5 - 487*n + 3 - 478*n + 964*n - 5. Suppose d = -0*d - 8. Calculate q(d).
1
Let w(a) = a**2 + a + 9. Let g = -1153 + 1153. Determine w(g).
9
Let x(r) = r**3 - r + 7. Let l be x(0). Let n = -81 - -83. Let z(v) = -109 + 104 - 7*v**n - 3*v**3 + 4*v**3. Determine z(l).
-5
Let i(b) = -b**3 + 14*b**2 - 14*b + 16. Let h be i(13). Let q = 7 + h. Suppose -q = -2*v - 0*v. Let p(f) = 2*f - 3. What is p(v)?
7
Let u be 46 + (3 - 5) + 2 + 2. Let g = 47 - u. Let t(r) = -8*r + 1. Give t(g).
9
Let r be 1/(-2) - -2*(-1)/(-4). Suppose 4*c = -2*g + 2, -c - 2 = -4*g - 16. Let m(p) = r*p**2 - 2*p**c + 4*p**2. Give m(-1).
2
Let x(g) = -g**3 + 2*g**2 + 3*g - 1. Suppose 0 = 5*z - 10 - 5. Let a be (-77)/(-28) - z/4. Suppose l + a = 5. What is x(l)?
-1
Let c be (4 + -4)*1/(-2). Suppose -2*v = -c*v - 12. Let z(g) = g**3 - 6*g**2. What is z(v)?
0
Let f(n) = -2*n**2 - 8*n + 7. Let o(z) = -z**2 - 4*z + 3. Let l(g) = g**2 + 2*g - 2. Let a be l(-4). Let s(h) = a*f(h) - 13*o(h). Determine s(-3).
0
Suppose -51*o + 56*o = 360. Suppose m + o = 9*m. Let c(b) = b - 4. Determine c(m).
5
Let l(c) = -c + 5. Let f(m) = 2*m - 10. Let w be f(6). Let y(u) = -3*u + 14. Let v(k) = w*y(k) - 7*l(k). Determine v(-5).
-12
Let f(q) = -q**2 + q - 2. Let w(g) = 1 - 86*g + 87*g + 0. Let y(t) = -f(t) + 2*w(t). Calculate y(0).
4
Let d = -46 - -46. Suppose d*x = -5*x + 25. Let u(f) = -2*f + 4. What is u(x)?
-6
Let h(t) be the second derivative of -t**4/12 + 5*t**3/3 - 9*t**2/2 + 77*t. Determine h(9).
0
Let x = 235 + -236. Let i(y) = -1 + y**2 - 6*y - 2*y + 3*y + 4*y. Determine i(x).
1
Let r(q) = q**2 + 4*q + 1 - 2*q - 2*q**2. Let w(o) = 2*o**3 - 2*o**2 + 6. Let c